1 prime?
True
Is 1173618899 a prime number?
True
Is 258156573 composite?
True
Is 3061824451 composite?
True
Is 64516861 prime?
False
Is 1044533071 a prime number?
False
Is 1878046739 composite?
False
Is 72231196337 composite?
False
Is 28444946633 a prime number?
True
Is 563410963 composite?
True
Is 1563251503 composite?
True
Is 3128066497 prime?
True
Is 14296541783 composite?
False
Is 44193560083 prime?
True
Is 7430656397 a prime number?
True
Is 1537798273 composite?
True
Is 8261958349 prime?
True
Is 38620097749 a prime number?
False
Is 1471953971 composite?
True
Is 48782092327 a prime number?
True
Is 925617019 prime?
False
Is 18623027 prime?
False
Is 21775364987 a prime number?
True
Is 922903379 a composite number?
False
Is 385412789 composite?
False
Is 535382101 prime?
True
Is 7139743199 a composite number?
False
Is 193453367 prime?
True
Is 260645621 prime?
True
Is 2106257731 prime?
False
Is 15661307723 prime?
True
Is 1196009897 a prime number?
True
Is 1223610446 composite?
True
Is 41999076809 a composite number?
False
Is 6421420003 composite?
False
Is 3471096229 composite?
False
Is 1776377929 prime?
False
Is 1542972643 prime?
True
Is 394544671 a prime number?
False
Is 19620385997 prime?
True
Is 9596752391 prime?
True
Is 39537598871 a prime number?
True
Is 52799949689 prime?
True
Is 1738628921 prime?
False
Is 121003649 a composite number?
True
Is 24574019887 composite?
True
Is 21219105587 composite?
True
Is 1143572849 prime?
True
Is 200650123 prime?
True
Is 307284727 a composite number?
True
Is 6377899679 prime?
False
Is 708173669 prime?
False
Is 14580966853 prime?
True
Is 4091736769 prime?
True
Is 2207801287 a composite number?
False
Is 455429941 a prime number?
True
Is 572004547 prime?
False
Is 302674088003 composite?
True
Is 214138991642 a composite number?
True
Is 14485531597 a composite number?
True
Is 277263183661 composite?
False
Is 51032660749 a composite number?
True
Is 3964647013 composite?
True
Is 3962484233 prime?
True
Is 54524568781 a composite number?
True
Is 17521050523 prime?
False
Is 19613690827 a prime number?
True
Is 146445653 prime?
False
Is 11412659813 a composite number?
False
Is 830402051 prime?
False
Is 3044671313 composite?
False
Is 36162411499 a composite number?
True
Is 325340989966 a composite number?
True
Is 66295961 prime?
True
Is 1045042367 composite?
False
Is 2001693143 composite?
False
Is 733421023 prime?
True
Is 19363587611 a prime number?
False
Is 20153736121 composite?
True
Is 9295543847 a composite number?
False
Is 3456560545 a prime number?
False
Is 693341177 composite?
True
Is 385946287 a prime number?
True
Is 21740903 composite?
False
Is 1224518003 a prime number?
True
Is 1408771601 a composite number?
False
Is 21281949589 composite?
True
Is 204803821 a prime number?
False
Is 30988144907 composite?
True
Is 4664257553 composite?
False
Is 23613924899 prime?
False
Is 211302840065 prime?
False
Is 563424517 prime?
False
Is 9320980679 prime?
True
Is 236290176487 a composite number?
False
Is 1298448673 a prime number?
False
Is 2202469849 a prime number?
True
Is 98758235627 a composite number?
True
Is 136262707033 composite?
False
Is 1640813855 composite?
True
Is 233836921477 prime?
False
Is 158218096013 composite?
True
Is 26161676285 composite?
True
Is 925739309 composite?
True
Is 72433609799 composite?
True
Is 75217665199 composite?
False
Is 316350989 a composite number?
True
Is 2351864299 composite?
True
Is 293832493 a composite number?
False
Is 768727351 prime?
False
Is 52916855507 composite?
True
Is 2185342837 composite?
False
Is 2835301537 a composite number?
True
Is 13675258019 prime?
False
Is 7349809613 a prime number?
True
Is 4431890971 composite?
False
Is 703105523 prime?
True
Is 21706385489 a composite number?
False
Is 68797361 a prime number?
True
Is 9786065447 a prime number?
True
Is 27030226711 prime?
True
Is 372085843 prime?
False
Is 5607214037 a composite number?
False
Is 175729313 prime?
True
Is 15284841947 a composite number?
False
Is 566543543 prime?
True
Is 926004203 prime?
True
Is 5492397931 composite?
False
Is 908086643 a composite number?
True
Is 181696629193 a prime number?
False
Is 1074001339 composite?
True
Is 517845623 composite?
False
Is 14283558985 prime?
False
Is 9375475243 a composite number?
True
Is 589645291 prime?
True
Is 917575163 prime?
False
Is 958188047 prime?
False
Is 604313111 a prime number?
False
Is 145026499 a prime number?
True
Is 19736705935 prime?
False
Is 8652542559 prime?
False
Is 229035641111 prime?
True
Is 8739546713 prime?
False
Is 112619679087 composite?
True
Is 182832413693 composite?
False
Is 171459721 composite?
True
Is 43451532083 a prime number?
False
Is 11113867837 a prime number?
True
Is 1200818389 a composite number?
False
Is 169541431 a composite number?
True
Is 341994451 a prime number?
False
Is 73257033749 composite?
False
Is 15538769219 prime?
True
Is 4445417689 prime?
False
Is 368195501 a composite number?
False
Is 3189084221 a composite number?
False
Is 1551686009 a composite number?
False
Is 2487674381 a prime number?
False
Is 26071175239 a prime number?
True
Is 59430141335 a prime number?
False
Is 439337123 composite?
False
Is 62632538863 a prime number?
False
Is 90908777 a prime number?
False
Is 580198187 a prime number?
False
Is 94743665477 composite?
False
Is 152504617 a composite number?
True
Is 198794137657 a composite number?
False
Is 82267094527 prime?
False
Is 422295407 a prime number?
True
Is 389104589 composite?
False
Is 840240151 prime?
False
Is 142481987 composite?
True
Is 126759927473 prime?
False
Is 429506111 prime?
True
Is 5609041843 a composite number?
True
Is 38349972359 a composite number?
True
Is 64998710165 a composite number?
True
Is 2317778809 prime?
True
Is 518247791 prime?
False
Is 476244319 composite?
False
Is 17722169 a composite number?
False
Is 275079377 a prime number?
True
Is 7767122585 prime?
False
Is 12115103577 composite?
True
Is 173757521579 prime?
True
Is 91548167 prime?
True
Is 568218775109 prime?
True
Is 125120535073 a composite number?
False
Is 92406924371 composite?
True
Is 7376279 a prime number?
True
Is 31260824857 a prime number?
True
Is 450168991 a prime number?
False
Is 4528982126 a prime number?
False
Is 48169815983 a composite number?
True
Is 26804295407 composite?
True
Is 42109174283 prime?
False
Is 7552387 composite?
False
Is 108723481 prime?
False
Is 23573751 prime?
False
Is 1921778203 composite?
True
Is 199988557 composite?
True
Is 4552971491 prime?
True
Is 2238551201 a composite number?
False
Is 1524586193 a prime number?
False
Is 2261612117 prime?
False
Is 18191595251 prime?
True
Is 1843858799 a prime number?
True
Is 22681037107 a composite number?
True
Is 485426971 a prime number?
True
Is 18069014719 composite?
True
Is 453253277 prime?
False
Is 46716802357 composite?
False
Is 276709891 composite?
False
Is 840503633 composite?
True
Is 2853940118 composite?
True
Is 1675760461 a prime number?
False
Is 10961522773 a prime number?
False
Is 7004612057 composite?
False
Is 8438111303 prime?
False
Is 22492825457 a composite number?
True
Is 347997077 a composite number?
False
Is 148751159 prime?
False
Is 2332178803 a prime number?
False
Is 316874051 a composite number?
True
Is 39026281349 a composite number?
True
Is 2848081261 a prime number?
True
Is 24672172919 prime?
True
Is 794697227 a composite number?
True
Is 29256473801 composite?
False
Is 23173843729 composite?
True
Is 17613062281 composite?
True
Is 16944193781 prime?
True
Is 1843248793 prime?
False
Is 722817961 a composite number?
True
Is 14039176829 a composite number?
True
Is 240987653 a prime number?
True
Is 1783352089 composite?
False
Is 1885422083 prime?
True
Is 4024349167 a prime number?
True
Is 3176432159 a prime number?
True
Is 12140164801 a prime number?
True
Is 24823081027 prime?
True
Is 754823501 composite?
True
Is 2390034679 composite?
False
Is 141275837 a composite number?
False
Is 2570929409 a prime number?
True
Is 133504764593 prime?
True
Is 116070541459 prime?
True
Is 273675751 composite?
False
Is 214654466833 composite?
False
Is 479854799 a composite number?
False
Is 9013337939 composite?
True
Is 91470315121 a composite number?
False
Is 6292177 a composite number?
False
Is 158788471 a composite number?
False
Is 1533583426